14251409
What are the prime factors of 29377948?
2, 7344487
List the prime factors of 155156677.
13, 11935129
What are the prime factors of 2320911?
3, 257879
What are the prime factors of 3771868?
2, 191, 4937
List the prime factors of 5206071161.
5206071161
List the prime factors of 1268650.
2, 5, 25373
What are the prime factors of 1154705093?
17, 29, 2342201
What are the prime factors of 36676991?
13, 937, 3011
List the prime factors of 10464850.
2, 5, 11, 53, 359
List the prime factors of 126053445.
3, 5, 7, 1200509
List the prime factors of 13481911.
223, 60457
What are the prime factors of 23822470?
2, 5, 7, 340321
What are the prime factors of 43707321?
3, 7, 29, 47, 509
What are the prime factors of 99942170?
2, 5, 577, 17321
What are the prime factors of 23960761?
11, 43, 179, 283
List the prime factors of 384968317.
384968317
What are the prime factors of 16258543?
7, 107, 443
List the prime factors of 562192721.
613, 917117
List the prime factors of 42229573.
1531, 27583
List the prime factors of 192298520.
2, 5, 4807463
List the prime factors of 2180980459.
7, 83, 3753839
List the prime factors of 230852905.
5, 29, 233, 6833
What are the prime factors of 2794792535?
5, 59, 2851, 3323
List the prime factors of 1468475910.
2, 3, 5, 11, 1483309
List the prime factors of 40515909.
3, 7, 1929329
What are the prime factors of 407313028?
2, 43, 337, 7027
List the prime factors of 2255074445.
5, 13, 23, 1163, 1297
What are the prime factors of 308616936?
2, 3, 12859039
List the prime factors of 666594531.
3, 17, 163, 26729
What are the prime factors of 3701022042?
2, 3, 9277, 66491
List the prime factors of 46879116.
2, 3, 43, 47, 1933
List the prime factors of 31791878.
2, 43, 369673
What are the prime factors of 3397715341?
3397715341
What are the prime factors of 4821928132?
2, 7, 5689, 30271
What are the prime factors of 90114987?
3, 109, 275581
List the prime factors of 32926941.
3, 97, 37717
List the prime factors of 61656288.
2, 3, 642253
List the prime factors of 473484528.
2, 3, 11, 11071
List the prime factors of 194885330.
2, 5, 1091, 17863
What are the prime factors of 24322985?
5, 1471, 3307
List the prime factors of 450438295.
5, 29, 727, 4273
List the prime factors of 36240910.
2, 5, 3624091
List the prime factors of 428264640.
2, 3, 5, 37, 4019
What are the prime factors of 1006470578?
2, 29, 827, 20983
What are the prime factors of 1052022678?
2, 3, 7, 25048159
What are the prime factors of 70242658?
2, 19, 271, 359
What are the prime factors of 1735941132?
2, 3, 43, 124601
What are the prime factors of 507367315?
5, 7, 13, 3251
What are the prime factors of 20893877?
20893877
What are the prime factors of 2027051325?
3, 5, 13, 25667
List the prime factors of 643178767.
7, 11, 41, 18521
What are the prime factors of 49207693?
29, 1163, 1459
What are the prime factors of 4569207581?
157, 29103233
What are the prime factors of 176181160?
2, 5, 307, 14347
List the prime factors of 142391149.
19, 7494271
List the prime factors of 36564592.
2, 29, 78803
List the prime factors of 3432200931.
3, 2393, 17707
What are the prime factors of 619687829?
619687829
List the prime factors of 290263986.
2, 3, 61, 9791
List the prime factors of 322456992.
2, 3, 11, 13, 83, 283
What are the prime factors of 4631599380?
2, 3, 5, 3067, 25169
List the prime factors of 1606453947.
3, 7, 17, 59, 25423
List the prime factors of 488744703.
3, 54304967
List the prime factors of 158786481.
3, 7, 41, 223, 827
What are the prime factors of 214770539?
5717, 37567
What are the prime factors of 50977054?
2, 4007, 6361
List the prime factors of 422745240.
2, 3, 5, 3522877
List the prime factors of 1014449825.
5, 61, 665213
What are the prime factors of 1267027288?
2, 31, 373, 13697
What are the prime factors of 748842269?
7, 19, 1109, 5077
List the prime factors of 161063342.
2, 11, 19, 23, 1523
List the prime factors of 14962027.
47, 449, 709
What are the prime factors of 133773626?
2, 7, 1365037
List the prime factors of 1370716372.
2, 23, 14899091
List the prime factors of 2088874199.
2088874199
What are the prime factors of 1173952826?
2, 31, 821, 23063
What are the prime factors of 1582697489?
1777, 890657
List the prime factors of 82183995.
3, 5, 1826311
List the prime factors of 51138065.
5, 11, 31, 89, 337
What are the prime factors of 96795112?
2, 2777, 4357
List the prime factors of 185087412.
2, 3, 73, 70429
List the prime factors of 40504585.
5, 11, 736447
List the prime factors of 226007721.
3, 239, 105071
List the prime factors of 2827941822.
2, 3, 61, 286171
List the prime factors of 3939768180.
2, 3, 5, 19, 151, 2543
What are the prime factors of 90866098?
2, 45433049
What are the prime factors of 343934870?
2, 5, 23, 1495369
List the prime factors of 31028516.
2, 1933, 4013
What are the prime factors of 4038702840?
2, 3, 5, 11218619
What are the prime factors of 91494411?
3, 41, 43, 17299
What are the prime factors of 3326439865?
5, 7, 3019, 31481
What are the prime factors of 27124223?
7, 3874889
What are the prime factors of 1781016005?
5, 29, 2113, 5813
List the prime factors of 5522840233.
47, 117507239
What are the prime factors of 545534529?
3, 61, 2981063
What are the prime factors of 117996775?
5, 13, 363067
What are the prime factors of 43515214?
2, 59, 368773
List the prime factors of 3504109442.
2, 1752054721
List the prime factors of 125303429.
383, 327163
What are the prime factors of 196388854?
2, 149, 659023
What are the prime factors of 122010553?
7, 61, 163, 1753
List the prime factors of 9946618.
2, 11, 431, 1049
What are the prime factors of 2902291334?
2, 109, 13313263
List the prime factors of 533466077.
21569, 24733
What are the prime factors of 353096639?
7, 223, 226199
What are the prime factors of 44672271?
3, 7, 31, 9803
List the prime factors of 160155656.
2, 20019457
List the prime factors of 3064140021.
3, 9241, 110527
What are the prime factors of 5076632450?
2, 5, 23, 4414463
List the prime factors of 223810577.
5483, 40819
List the prime factors of 88778243.
41, 2165323
List the prime factors of 48808289.
48808289
What are the prime factors of 260254845?
3, 5, 29, 199429
What are the prime factors of 3922029402?
2, 3, 167, 3914201
What are the prime factors of 879736816?
2, 7, 281, 27953
List the prime factors of 1524822538.
2, 762411269
What are the prime factors of 37071424?
2, 13, 17, 2621
List the prime factors of 889403770.
2, 5, 887, 100271
List the prime factors of 98636166.
2, 3, 5479787
What are the prime factors of 3041264597?
7, 29, 1033, 14503
List the prime factors of 1562256421.
11, 61, 2328251
What are the prime factors of 4599701707?
4599701707
List the prime factors of 1041760787.
1041760787
What are the prime factors of 132709530?
2, 3, 5, 83, 223, 239
List the prime factors of 681811569.
3, 43, 1761787
What are the prime factors of 1956929032?
2, 67, 821, 4447
What are the prime factors of 1108364117?
7, 173, 915247
List the prime factors of 2443003242.
2, 3, 19, 83, 107, 127
What are the prime factors of 180799396?
2, 45199849
What are the prime factors of 127855256?
2, 19, 109, 7717
What are the prime factors of 1732532097?
3, 577510699
List the prime factors of 43450373.
59, 736447
What are the prime factors of 607282?
2, 13, 23357
List the prime factors of 1860688915.
5, 419, 888157
What are the prime factors of 45151627?
45151627
What are the prime factors of 186357974?
2, 11, 37, 179, 1279
What are the prime factors of 4102142773?
499, 8220727
What are the prime factors of 406262054?
2, 11, 18466457
What are the prime factors of 144807344?
2, 11, 37, 601
List the prime factors of 53677603.
7, 19, 403591
List the prime factors of 2949074483.
2949074483
What are the prime factors of 97967662?
2, 13, 3767987
List the prime factors of 50226846.
2, 3, 8371141
What are the prime factors of 1257307934?
2, 29, 21677723
List the prime factors of 74279389.
74279389
List the prime factors of 85080855.
3, 5, 5672057
List the prime factors of 409397617.
19, 21547243
What are the prime factors of 3450239364?
2, 3, 11, 13, 31, 79, 821
What are the prime factors of 93123471?
3, 7, 90499
What are the prime factors of 631502384?
2, 37, 277, 3851
What are the prime factors of 25901719?
103, 25147